at is l(13)?
3
Let k(b) = -b**3 + b**2 - 2*b - 9. Give k(0).
-9
Let f(n) = -n**3 + 4*n**2 - 3*n. Give f(2).
2
Let v(i) = 20*i - 79. Calculate v(4).
1
Let z(k) = 6*k + 2. Give z(1).
8
Let d(u) = -u**2 - 3*u + 109. Give d(9).
1
Let y(n) = 8*n + 27. Determine y(-8).
-37
Let r(k) = -k**3 - 9*k**2 + 2*k - 20. What is r(-9)?
-38
Let s(b) = 5*b - 42. Give s(3).
-27
Let w(q) = q**2 - 7*q - 38. Calculate w(12).
22
Let m(v) = -v - 8. What is m(-3)?
-5
Let w(d) = d**3 + 18*d**2 - 21*d - 44. What is w(-19)?
-6
Let v(h) = -h**3 + 5*h**2 - 4*h + 7. What is v(3)?
13
Let c(s) = -s**2 + 2*s + 16. What is c(8)?
-32
Let h(i) = -3*i + 33. Give h(9).
6
Let f(s) = -2*s + 10. What is f(-11)?
32
Let i(a) = a**2 - 7*a - 3. Give i(8).
5
Let q(i) = -47*i + 36. Give q(1).
-11
Let j(y) = y**2 + 14*y + 15. Give j(-13).
2
Let x(h) = -h**2 - 3*h + 21. Calculate x(0).
21
Let j(k) = 2*k - 54. Determine j(22).
-10
Let w(i) = -i**3 + 2*i. Calculate w(4).
-56
Let p(c) = c**3 + 8*c**2 + 13*c + 2. Determine p(-6).
-4
Let y(z) = 4*z**2 + 5*z + 3. Calculate y(-2).
9
Let f(m) = m**3 - 13*m**2 + 7*m + 98. Determine f(11).
-67
Let t(i) = -5*i - 50. Determine t(-10).
0
Let n(q) = -12*q + 815. Determine n(68).
-1
Let x(h) = 2*h**3 + 25*h**2 + 8*h - 43. What is x(-12)?
5
Let t(w) = -w**2 - 14. Determine t(0).
-14
Let w(c) = c**2 + 3*c - 1. Determine w(1).
3
Let b(c) = -5*c**2 - 12*c + 4. What is b(-3)?
-5
Let x(y) = -2*y + 36. What is x(19)?
-2
Let w(h) = h**3 + 10*h**2 - 21*h + 16. Give w(-12).
-20
Let y(d) = -d**3 - 6*d**2 - 2. What is y(-6)?
-2
Let b(w) = 24*w - 29. What is b(1)?
-5
Let v(l) = -l**2 + 5*l + 26. What is v(8)?
2
Let f(m) = 2*m**2 + 3*m - 28. Calculate f(-6).
26
Let g(a) = -4*a + 27. What is g(8)?
-5
Let i(h) = -h**3 - 10*h**2 - 9*h - 2. What is i(-9)?
-2
Let d(l) = 3*l + 25. Calculate d(-13).
-14
Let w(u) = -u**2 - 26*u - 40. Determine w(-17).
113
Let y(a) = 3*a**3 - 3*a**2 + 3*a + 4. Calculate y(-1).
-5
Let h(p) = -p**3 - 18*p**2 - 18*p - 23. Determine h(-17).
-6
Let k(z) = z**3 - 12*z**2 - 12*z - 17. Calculate k(13).
-4
Let y(s) = -s**2 + 9*s - 27. Determine y(4).
-7
Let k(p) = 5*p + 81. Give k(-17).
-4
Let o(t) = -t**2 + 6*t + 18. Give o(6).
18
Let n(h) = 2*h**2 + 12*h + 1. Calculate n(-7).
15
Let u(z) = -z**2 + 14*z - 60. Give u(9).
-15
Let q(p) = -p**2 + 9*p + 2. What is q(3)?
20
Let r(p) = -9*p + 10. Give r(3).
-17
Let m(q) = 12*q - 1. Determine m(1).
11
Let o(p) = -p**2 - 8*p + 1. Calculate o(-8).
1
Let a(f) = -5*f - 15. Give a(-2).
-5
Let v(s) = s - 6. Determine v(10).
4
Let o(y) = -y**3 + y**2 + 6*y - 3. Determine o(-3).
15
Let p(z) = -z**3 - 22*z**2 - 55*z + 55. Determine p(-19).
17
Let q(c) = c**2 + 18*c + 63. What is q(-14)?
7
Let g(s) = 2*s + 17. Calculate g(-18).
-19
Let c(o) = -6*o**3 + 6*o**2 + 9*o + 4. Give c(-2).
58
Let m(v) = 2*v**2 + 17*v + 1. Calculate m(-9).
10
Let d(a) = -9*a**2 - 3*a - 2. Determine d(-2).
-32
Let k(a) = -58*a - 469. Determine k(-8).
-5
Let y(w) = 4*w**2 + 2*w - 4. Determine y(4).
68
Let z(b) = -3*b**2. Calculate z(-1).
-3
Let x(i) = -14*i - 93. Calculate x(-7).
5
Let c(t) = -t**3 - 2*t - 31. Determine c(0).
-31
Let m(r) = 2*r**2 + 12*r + 3. Give m(-9).
57
Let z(h) = h**2 - 5*h + 4. Calculate z(4).
0
Let b(h) = h**2 - 5*h + 5. Give b(16).
181
Let q(h) = -h**3 - 5*h**2 + 4*h - 2. Calculate q(-6).
10
Let o(d) = -d**2 + 2*d - 88. What is o(0)?
-88
Let j(t) = t - 2. What is j(-8)?
-10
Let z(h) = h**3 - 7*h**2 - 14*h + 11. What is z(9)?
47
Let x(s) = s**3 + 14*s**2 - 14*s - 17. What is x(-15)?
-32
Let s(p) = -p**3 + 4*p**2 - 3*p + 1. What is s(3)?
1
Let o(q) = 5*q**2 + 25*q + 18. Calculate o(-4).
-2
Let c(g) = -4*g + 1. What is c(-10)?
41
Let o(m) = m**3 - 68*m**2 + 255*m + 75. Determine o(64).
11
Let w(m) = -m**2 + 24*m - 45. What is w(2)?
-1
Let o(w) = -4*w + 92. Calculate o(22).
4
Let m(g) = -9*g**2 + 14*g + 13. Give m(-1).
-10
Let z(x) = -3*x - 50. Give z(-15).
-5
Let d(f) = 17*f - 12. Calculate d(5).
73
Let w(c) = c - 3. What is w(-1)?
-4
Let y(c) = -13*c - 21. What is y(-1)?
-8
Let m(t) = t + 37. Calculate m(0).
37
Let n(y) = 4*y + 16. Determine n(-10).
-24
Let m(w) = 2*w + 5. What is m(-10)?
-15
Let m(z) = 2*z**2 - z + 9. Determine m(5).
54
Let t(r) = -r**3 + 6*r**2 + 6*r - 7. Determine t(8).
-87
Let n(v) = -7*v + 18. Calculate n(-6).
60
Let c(t) = 9*t - 45. Calculate c(6).
9
Let y(t) = t**2 - 3*t + 2. Determine y(6).
20
Let w(g) = -g**3 - 42*g**2 + 41*g - 81. Determine w(-43).
5
Let b(o) = -7*o + 53. What is b(14)?
-45
Let u(z) = -z**2 - 2. Calculate u(2).
-6
Let z(p) = p**3 - 5*p**2 + 5*p - 2. Calculate z(5).
23
Let m(o) = -o**3 + 4*o**2 - 4. Determine m(5).
-29
Let y(f) = -7*f + 19. What is y(0)?
19
Let s(y) = -4*y**2 - 3*y - 3. Give s(-3).
-30
Let d(o) = -o + 3. Calculate d(14).
-11
Let s(j) = j**3 - 6*j**2 + 6*j - 1. Determine s(4).
-9
Let d(s) = -s**3 - s + 7. Determine d(0).
7
Let b(g) = 22*g + 125. Calculate b(-6).
-7
Let m(u) = u**3 - 6*u**2 + 8*u. What is m(4)?
0
Let r(z) = -z**2 + 6*z. What is r(5)?
5
Let k(j) = -7*j**3 - j**2 + j. Give k(-1).
5
Let b(g) = -3*g**3 + 2*g + 10. Determine b(3).
-65
Let n(m) = -m**2 - 9*m - 9. What is n(-6)?
9
Let t(a) = a**2 - 3*a - 121. Determine t(12).
-13
Let v(s) = -22*s - 401. What is v(-18)?
-5
Let t(b) = b. Calculate t(10).
10
Let j(p) = -p**2 - 9*p + 20. Give j(-12).
-16
Let t(o) = 11*o + 8. Determine t(-7).
-69
Let m(d) = -2*d**3 - 46*d**2 + 2*d + 44. Calculate m(-23).
-2
Let t(x) = 10*x - 27. Calculate t(3).
3
Let l(j) = j**3 + j**2 - j. Give l(2).
10
Let z(j) = j**3 + 6*j**2 - 9*j + 11. Give z(-8).
-45
Let c(p) = 15*p - 54. Give c(7).
51
Let x(a) = -a**2 + 2*a + 15. Give x(6).
-9
Let p(u) = 12*u - 3. Calculate p(-2).
-27
Let r(h) = -h**2 + 29*h - 67. Give r(26).
11
Let j(w) = 4*w + 72. Give j(-17).
4
Let f(p) = 33*p**3 - 1. Calculate f(1).
32
Let t(u) = 2*u**2 - 12*u - 13. Calculate t(7).
1
Let s(r) = 86*r + 261. Determine s(-3).
3
Let v(z) = -z**2 + 17*z - 20. Give v(14).
22
Let z(a) = -a**2 - 12*a - 6. Calculate z(-8).
26
Let s(j) = -j**2 - 12*j + 10. Determine s(-13).
-3
Let n(w) = -w**2 + 15*w + 3. Calculate n(14).
17
Let b(h) = 8*h**2 - 4. Determine b(4).
124
Let f(t) = t**2 - 33*t + 3. Calculate f(33).
3
Let r(b) = -b**3 + 5*b - 1. What is r(0)?
-1
Let m(k) = -k**3 - 10*k**2 + k + 12. What is m(-10)?
2
Let g(u) = 3*u**2 - u + 1. Calculate g(2).
11
Let a(w) = -3*w**2 - 21*w - 21. What is a(-5)?
9
Let q(a) = 24*a**2 + a - 1. What is q(1)?
24
Let m(z) = 6*z + 11. What is m(-10)?
-49
Let u(t) = -4*t + 100. Give u(26).
-4
Let l(u) = u**2 + 3*u - 89. Determine l(-11).
-1
Let q(y) = y**2 - 8*y + 10. Give q(5).
-5
Let y(x) = 8*x + 14. Determine y(-6).
-34
Let y(v) = v**3 - 2*v - 20. Determine y(5).
95
Let z(h) = h**3 + 2*h**2 + 2*h - 2. Determine z(-2).
-6
Let f(p) = -p**3 - 13*p**2 - 9*p - 4. Calculate f(-12).
-40
Let q(x) = -28*x**3 - x**2 + 2*x - 2. What is q(1)?
-29
Let u(d) = -d**2 - 9*d - 13. What is u(-7)?
1
Let f(i) = -51*i**2 - 4*i + 2. Give f(1).
-53
Let z(j) = -j**3 + 29*j**2 - 24*j - 115. Determine z(28).
-3
Let t(o) = -13*o**3 - o**2 + o + 1. What is t(-1)?
12
Let d(b) = -b**3 - 10*b**2 - 15*b - 75. Calculate d(-9).
-21
Let b(i) = i + 20. What is b(-5)?
15
Let h(x) = 3*x**3 + x**2 + 2*x - 3. Calculate h(1).
3
Let w(m) = -m - 6. Calculate w(-9).
3
Let j(u) = -u**2 + 21*u - 129. Give j(13).
-25
Let f(n) = -n - 9. Calculate f(0).
-9
Let r(i) = i**3 - 3*i**2 - 3*i + 2. Calculate r(2).
-8
Let i(f) = 17*f - 28. Give i(0).
-28
Let z(p) = -p**3 - 18*p**2 + 6*p - 8. Give z(-18).
-116
Let d(o) = o**3 - 9*o**2 + 4*o + 36. What is d(8)?
4
Let z(l) = -12*l**3 + 12*l**2 + 10*l - 2. Give z(-1).
12
Let n(c) = -2*c**3 - c**2 + 2*c + 2. Calculate n(-2).
10
Let n(z) = -z**2 - 20*z - 2. Determine n(-19).
17
Let s(t) = -2*t**2 + 4*t + 13. Calculate s(6).
-35
Let g(p) = 64*p - 67. Calculate g(2).
61
Let o(b) = b**2 + 29*b + 57. What is o(-27)?
3
Let y(m) = 13*m - 51. Give y(5).
14
Let y(t) = -6*t + 44. Determine y(6).
8
Let c(a) = -a**2 - 9*a - 15. Calculate c(-6).
3
Let z(j) = -j**3 + 7*j**2 - 23*j + 100. Give z(6).
-2
Let r(p) = -p**2 - 8*p - 6. What is r(4)?
-54
Let c(f) = -5*f + 1. Calculate c(2).
-9
Let h(i) = -i**3 + 7*i**2 - 10. Calculate h(7).
-10
Let i(v) = -v**2 + 30*v - 5. Give i(30).
-5
Let s(j) = -3*j**3 - 15*j**2 + 2*j - 9. Determine s(-5).
-19
Let x(y) = y**3 + 8*y**2 +